{"id":18,"date":"2023-12-07T14:38:05","date_gmt":"2023-12-07T14:38:05","guid":{"rendered":"https:\/\/votre-comptable.fr\/site\/?page_id=18"},"modified":"2023-12-19T13:52:08","modified_gmt":"2023-12-19T13:52:08","slug":"liens-utiles","status":"publish","type":"page","link":"https:\/\/votre-comptable.fr\/site\/liens-utiles\/","title":{"rendered":"Liens Utiles"},"content":{"rendered":"\t\t<div data-elementor-type=\"wp-page\" data-elementor-id=\"18\" class=\"elementor elementor-18\">\n\t\t\t\t\t\t\t<div class=\"elementor-element elementor-element-9e40ba9 e-flex e-con-boxed e-con e-parent\" data-id=\"9e40ba9\" data-element_type=\"container\" data-settings=\"{&quot;content_width&quot;:&quot;boxed&quot;}\" data-core-v316-plus=\"true\">\n\t\t\t\t\t<div class=\"e-con-inner\">\n\t\t<div class=\"elementor-element elementor-element-bf0f302 e-con-full e-flex e-con e-child\" data-id=\"bf0f302\" data-element_type=\"container\" data-settings=\"{&quot;content_width&quot;:&quot;full&quot;}\">\n\t\t\t\t<div class=\"elementor-element elementor-element-d928fff elementor-widget elementor-widget-heading\" data-id=\"d928fff\" data-element_type=\"widget\" data-widget_type=\"heading.default\">\n\t\t\t\t<div class=\"elementor-widget-container\">\n\t\t\t<style>\/*! elementor - v3.18.0 - 06-12-2023 *\/\n.elementor-heading-title{padding:0;margin:0;line-height:1}.elementor-widget-heading .elementor-heading-title[class*=elementor-size-]>a{color:inherit;font-size:inherit;line-height:inherit}.elementor-widget-heading .elementor-heading-title.elementor-size-small{font-size:15px}.elementor-widget-heading .elementor-heading-title.elementor-size-medium{font-size:19px}.elementor-widget-heading .elementor-heading-title.elementor-size-large{font-size:29px}.elementor-widget-heading .elementor-heading-title.elementor-size-xl{font-size:39px}.elementor-widget-heading .elementor-heading-title.elementor-size-xxl{font-size:59px}<\/style><h1 class=\"elementor-heading-title elementor-size-default\">Liens Utiles<\/h1>\t\t<\/div>\n\t\t\t\t<\/div>\n\t\t\t\t<div class=\"elementor-element elementor-element-ce925e0 elementor-widget elementor-widget-text-editor\" data-id=\"ce925e0\" data-element_type=\"widget\" data-widget_type=\"text-editor.default\">\n\t\t\t\t<div class=\"elementor-widget-container\">\n\t\t\t<style>\/*! elementor - v3.18.0 - 06-12-2023 *\/\n.elementor-widget-text-editor.elementor-drop-cap-view-stacked .elementor-drop-cap{background-color:#69727d;color:#fff}.elementor-widget-text-editor.elementor-drop-cap-view-framed .elementor-drop-cap{color:#69727d;border:3px solid;background-color:transparent}.elementor-widget-text-editor:not(.elementor-drop-cap-view-default) .elementor-drop-cap{margin-top:8px}.elementor-widget-text-editor:not(.elementor-drop-cap-view-default) .elementor-drop-cap-letter{width:1em;height:1em}.elementor-widget-text-editor .elementor-drop-cap{float:left;text-align:center;line-height:1;font-size:50px}.elementor-widget-text-editor .elementor-drop-cap-letter{display:inline-block}<\/style>\t\t\t\t<p>Retrouvez ci-dessous les liens utiles du Cabinet Pasquier<\/p><p>Si vous ne trouvez pas une ressource, n&rsquo;h\u00e9sitez pas \u00e0 nous consulter.<\/p>\t\t\t\t\t\t<\/div>\n\t\t\t\t<\/div>\n\t\t<div class=\"elementor-element elementor-element-880277a e-flex e-con-boxed e-con e-child\" data-id=\"880277a\" data-element_type=\"container\" data-settings=\"{&quot;content_width&quot;:&quot;boxed&quot;}\">\n\t\t\t\t\t<div class=\"e-con-inner\">\n\t\t<div class=\"elementor-element elementor-element-867d6d6 e-con-full e-flex e-con e-child\" data-id=\"867d6d6\" data-element_type=\"container\" data-settings=\"{&quot;content_width&quot;:&quot;full&quot;}\">\n\t\t\t\t<div class=\"elementor-element elementor-element-649ba3c elementor-widget elementor-widget-heading\" data-id=\"649ba3c\" data-element_type=\"widget\" data-widget_type=\"heading.default\">\n\t\t\t\t<div class=\"elementor-widget-container\">\n\t\t\t<h1 class=\"elementor-heading-title elementor-size-default\">Conseils G\u00e9n\u00e9raux<\/h1>\t\t<\/div>\n\t\t\t\t<\/div>\n\t\t\t\t<div class=\"elementor-element elementor-element-f5d3172 elementor-widget elementor-widget-text-editor\" data-id=\"f5d3172\" data-element_type=\"widget\" data-widget_type=\"text-editor.default\">\n\t\t\t\t<div class=\"elementor-widget-container\">\n\t\t\t\t\t\t\t<div id=\"generaux\"><ul><li><a href=\"http:\/\/www.google.fr\/\" target=\"_blank\" rel=\"noopener\">Google<\/a><\/li><li><a href=\"https:\/\/pme.gouv.fr\/\" target=\"_blank\" rel=\"noopener\">pme.gouv.fr<\/a><\/li><li><a href=\"https:\/\/entreprises.gouv.fr\/\" target=\"_blank\" rel=\"noopener\">entreprises.gouv.fr<\/a><\/li><li><a href=\"http:\/\/www.plancomptable.com\/index.htm\" target=\"_blank\" rel=\"noopener\">Plan Comptable<\/a><\/li><li><a href=\"http:\/\/www.experts-comptables.fr\/\" target=\"_blank\" rel=\"noopener\">Ordre des Experts Comptables<\/a><\/li><\/ul><\/div>\t\t\t\t\t\t<\/div>\n\t\t\t\t<\/div>\n\t\t\t\t<\/div>\n\t\t<div class=\"elementor-element elementor-element-f8ab5d0 e-con-full e-flex e-con e-child\" data-id=\"f8ab5d0\" data-element_type=\"container\" data-settings=\"{&quot;content_width&quot;:&quot;full&quot;}\">\n\t\t\t\t<div class=\"elementor-element elementor-element-6dd7063 elementor-widget elementor-widget-heading\" data-id=\"6dd7063\" data-element_type=\"widget\" data-widget_type=\"heading.default\">\n\t\t\t\t<div class=\"elementor-widget-container\">\n\t\t\t<h1 class=\"elementor-heading-title elementor-size-default\">Fiscal<\/h1>\t\t<\/div>\n\t\t\t\t<\/div>\n\t\t\t\t<div class=\"elementor-element elementor-element-4cf683b elementor-widget elementor-widget-text-editor\" data-id=\"4cf683b\" data-element_type=\"widget\" data-widget_type=\"text-editor.default\">\n\t\t\t\t<div class=\"elementor-widget-container\">\n\t\t\t\t\t\t\t<div id=\"generaux\"><ul><li><a href=\"https:\/\/cfspro-idp.impots.gouv.fr\/\" target=\"_blank\" rel=\"noopener\">Les impots<\/a><\/li><li><a href=\"http:\/\/ec.europa.eu\/taxation_customs\/vies\/\" target=\"_blank\" rel=\"noopener\">Les n\u00b0 de TVA Europ\u00e9ens<\/a><\/li><li><a href=\"http:\/\/www.oanda.com\/convert\/classic\" target=\"_blank\" rel=\"noopener\">Les devises<\/a><\/li><li><a href=\"https:\/\/www.auto-entrepreneur.fr\/\" target=\"_blank\" rel=\"noopener\">Les auto-entrepreneurs<\/a><\/li><\/ul><\/div>\t\t\t\t\t\t<\/div>\n\t\t\t\t<\/div>\n\t\t\t\t<\/div>\n\t\t\t\t\t<\/div>\n\t\t\t\t<\/div>\n\t\t<div class=\"elementor-element elementor-element-edead19 e-flex e-con-boxed e-con e-child\" data-id=\"edead19\" data-element_type=\"container\" data-settings=\"{&quot;content_width&quot;:&quot;boxed&quot;}\">\n\t\t\t\t\t<div class=\"e-con-inner\">\n\t\t<div class=\"elementor-element elementor-element-a31648e e-con-full e-flex e-con e-child\" data-id=\"a31648e\" data-element_type=\"container\" data-settings=\"{&quot;content_width&quot;:&quot;full&quot;}\">\n\t\t\t\t<div class=\"elementor-element elementor-element-45db502 elementor-widget elementor-widget-heading\" data-id=\"45db502\" data-element_type=\"widget\" data-widget_type=\"heading.default\">\n\t\t\t\t<div class=\"elementor-widget-container\">\n\t\t\t<h1 class=\"elementor-heading-title elementor-size-default\">Juridique<\/h1>\t\t<\/div>\n\t\t\t\t<\/div>\n\t\t\t\t<div class=\"elementor-element elementor-element-5809e57 elementor-widget elementor-widget-text-editor\" data-id=\"5809e57\" data-element_type=\"widget\" data-widget_type=\"text-editor.default\">\n\t\t\t\t<div class=\"elementor-widget-container\">\n\t\t\t\t\t\t\t<div id=\"juridique\"><ul><li><a href=\"http:\/\/www.legifrance.gouv.fr\/\" target=\"_blank\" rel=\"noopener\">Les lois en France<\/a><\/li><li><a href=\"http:\/\/www.vos-droits.justice.gouv.fr\/\" target=\"_blank\" rel=\"noopener\">Les droits en France<\/a><\/li><li><a href=\"http:\/\/www.inpi.fr\/\" target=\"_blank\" rel=\"noopener\">INPI<\/a><\/li><li><a href=\"https:\/\/avis-situation-sirene.insee.fr\/\" target=\"_blank\" rel=\"noopener\">Les avis de situation<\/a><\/li><\/ul><\/div>\t\t\t\t\t\t<\/div>\n\t\t\t\t<\/div>\n\t\t\t\t<\/div>\n\t\t<div class=\"elementor-element elementor-element-065a900 e-con-full e-flex e-con e-child\" data-id=\"065a900\" data-element_type=\"container\" data-settings=\"{&quot;content_width&quot;:&quot;full&quot;}\">\n\t\t\t\t<div class=\"elementor-element elementor-element-1379f9d elementor-widget elementor-widget-heading\" data-id=\"1379f9d\" data-element_type=\"widget\" data-widget_type=\"heading.default\">\n\t\t\t\t<div class=\"elementor-widget-container\">\n\t\t\t<h1 class=\"elementor-heading-title elementor-size-default\">Social<\/h1>\t\t<\/div>\n\t\t\t\t<\/div>\n\t\t\t\t<div class=\"elementor-element elementor-element-20b85a6 elementor-widget elementor-widget-text-editor\" data-id=\"20b85a6\" data-element_type=\"widget\" data-widget_type=\"text-editor.default\">\n\t\t\t\t<div class=\"elementor-widget-container\">\n\t\t\t\t\t\t\t<ul><li><a href=\"https:\/\/www1.due.urssaf.fr\/declarant\/\" target=\"_blank\" rel=\"noopener\">Les DUE<\/a><\/li><li><a href=\"https:\/\/www.net-entreprises.fr\/\" target=\"_blank\" rel=\"noopener\">D\u00e9clarations sociales Net Entreprises<\/a><\/li><li><a href=\"https:\/\/www.urssaf.fr\/\" target=\"_blank\" rel=\"noopener\">Urssaf<\/a><\/li><li><a href=\"http:\/\/www.lapprenti.com\/html\/apprenti\/salaire.asp\" target=\"_blank\" rel=\"noopener\">Les apprentis<\/a><\/li><\/ul>\t\t\t\t\t\t<\/div>\n\t\t\t\t<\/div>\n\t\t\t\t<\/div>\n\t\t\t\t\t<\/div>\n\t\t\t\t<\/div>\n\t\t\t\t<\/div>\n\t\t<div class=\"elementor-element elementor-element-e95b96a e-con-full e-flex e-con e-child\" data-id=\"e95b96a\" data-element_type=\"container\" data-settings=\"{&quot;content_width&quot;:&quot;full&quot;}\">\n\t\t\t\t<div class=\"elementor-element elementor-element-e3782f9 elementor-widget elementor-widget-image\" data-id=\"e3782f9\" data-element_type=\"widget\" data-widget_type=\"image.default\">\n\t\t\t\t<div class=\"elementor-widget-container\">\n\t\t\t<style>\/*! elementor - v3.18.0 - 06-12-2023 *\/\n.elementor-widget-image{text-align:center}.elementor-widget-image a{display:inline-block}.elementor-widget-image a img[src$=\".svg\"]{width:48px}.elementor-widget-image img{vertical-align:middle;display:inline-block}<\/style>\t\t\t\t\t\t\t\t\t\t\t\t<img fetchpriority=\"high\" decoding=\"async\" width=\"850\" height=\"479\" src=\"https:\/\/votre-comptable.fr\/site\/wp-content\/uploads\/2023\/12\/fabienne-pasquier-expert-comptable-liens-utiles.jpg\" class=\"attachment-full size-full wp-image-150\" alt=\"\" srcset=\"https:\/\/votre-comptable.fr\/site\/wp-content\/uploads\/2023\/12\/fabienne-pasquier-expert-comptable-liens-utiles.jpg 850w, https:\/\/votre-comptable.fr\/site\/wp-content\/uploads\/2023\/12\/fabienne-pasquier-expert-comptable-liens-utiles-300x169.jpg 300w, https:\/\/votre-comptable.fr\/site\/wp-content\/uploads\/2023\/12\/fabienne-pasquier-expert-comptable-liens-utiles-768x433.jpg 768w\" sizes=\"(max-width: 850px) 100vw, 850px\" \/>\t\t\t\t\t\t\t\t\t\t\t\t\t\t\t<\/div>\n\t\t\t\t<\/div>\n\t\t\t\t<\/div>\n\t\t\t\t\t<\/div>\n\t\t\t\t<\/div>\n\t\t\t\t\t\t\t<\/div>\n\t\t","protected":false},"excerpt":{"rendered":"<p>Liens Utiles Retrouvez ci-dessous les liens utiles du Cabinet Pasquier Si vous ne trouvez pas une ressource, n&rsquo;h\u00e9sitez pas \u00e0 nous consulter. Conseils G\u00e9n\u00e9raux Google pme.gouv.fr entreprises.gouv.fr Plan Comptable Ordre des Experts Comptables Fiscal Les impots Les n\u00b0 de TVA Europ\u00e9ens Les devises Les auto-entrepreneurs Juridique Les lois en France Les droits en France INPI [&hellip;]<\/p>\n","protected":false},"author":1,"featured_media":0,"parent":0,"menu_order":0,"comment_status":"closed","ping_status":"closed","template":"","meta":{"footnotes":""},"class_list":["post-18","page","type-page","status-publish","hentry"],"_links":{"self":[{"href":"https:\/\/votre-comptable.fr\/site\/wp-json\/wp\/v2\/pages\/18","targetHints":{"allow":["GET"]}}],"collection":[{"href":"https:\/\/votre-comptable.fr\/site\/wp-json\/wp\/v2\/pages"}],"about":[{"href":"https:\/\/votre-comptable.fr\/site\/wp-json\/wp\/v2\/types\/page"}],"author":[{"embeddable":true,"href":"https:\/\/votre-comptable.fr\/site\/wp-json\/wp\/v2\/users\/1"}],"replies":[{"embeddable":true,"href":"https:\/\/votre-comptable.fr\/site\/wp-json\/wp\/v2\/comments?post=18"}],"version-history":[{"count":34,"href":"https:\/\/votre-comptable.fr\/site\/wp-json\/wp\/v2\/pages\/18\/revisions"}],"predecessor-version":[{"id":229,"href":"https:\/\/votre-comptable.fr\/site\/wp-json\/wp\/v2\/pages\/18\/revisions\/229"}],"wp:attachment":[{"href":"https:\/\/votre-comptable.fr\/site\/wp-json\/wp\/v2\/media?parent=18"}],"curies":[{"name":"wp","href":"https:\/\/api.w.org\/{rel}","templated":true}]}}